{"id":1792,"date":"2017-03-22T09:58:16","date_gmt":"2017-03-22T09:58:16","guid":{"rendered":"http:\/\/todofis.com\/?page_id=1792"},"modified":"2022-08-23T06:56:10","modified_gmt":"2022-08-23T06:56:10","slug":"leistungen","status":"publish","type":"page","link":"https:\/\/todofis.com\/?page_id=1792","title":{"rendered":"Leistungen"},"content":{"rendered":"<div class=\"wpb-content-wrapper\"><p>[vc_row full_width=&#8220;stretch_row&#8220; overlay_dotted=&#8220;true&#8220; overlay_color=&#8220;rgba(255,255,255,0.5)&#8220; css=&#8220;.vc_custom_1490979243801{background-image: url(http:\/\/todofis.com\/wp-content\/uploads\/2017\/03\/03_BgStock_1366x768px.jpg?id=1938) !important;background-position: center !important;background-repeat: no-repeat !important;background-size: cover !important;}&#8220;][vc_column css=&#8220;.vc_custom_1490176868896{padding-top: 50px !important;padding-right: 100px !important;padding-bottom: 50px !important;padding-left: 50px !important;}&#8220;][vc_row_inner][vc_column_inner width=&#8220;1\/2&#8243;][vc_single_image image=&#8220;1800&#8243; img_size=&#8220;405&#215;405&#8243; style=&#8220;vc_box_shadow_3d&#8220; css_animation=&#8220;none&#8220; css=&#8220;.vc_custom_1490183141894{border-radius: 2px !important;}&#8220;]<a class=\"krth-btn btn-secondary  vc_custom_1490183063738 btn-medium krth-btn-69e593096d853 btn-hover-one btn-icon-left rounded-three \" href=\"\/?page_id=1804\"><i class=\"fa fa-arrow-circle-right\"><\/i><span class=\"btn-text\">mehr zur Effizienzsteigerung<\/span><\/a><a class=\"krth-btn btn-secondary  btn-medium krth-btn-69e593096d86a btn-hover-one btn-icon-left rounded-three \" href=\"\/?page_id=1819\"><i class=\"fa fa-arrow-circle-right\"><\/i><span class=\"btn-text\">mehr zu den Innovationsprojekten<\/span><\/a>[\/vc_column_inner][vc_column_inner width=&#8220;1\/2&#8243; css=&#8220;.vc_custom_1490178018401{padding-right: 50px !important;padding-left: 50px !important;background-color: rgba(255,255,255,0.75) !important;*background-color: rgb(255,255,255) !important;}&#8220;][vc_column_text css_animation=&#8220;fadeInRight&#8220;]<strong>Die Firma Todofis verf\u00fcgt \u00fcber langj\u00e4hrige internationale industrielle Erfahrung und Anwendungskompetenz im Kunststoff und Logistik Anlagenbau sowohl als in Rohrleitungssysteme und hat ein massgeschneidertes Dienstleistungsangebot f\u00fcr klein- und mittlere Firmen entwickelt.<\/strong><\/p>\n<p><strong>Dazu geh\u00f6ren insbesondere Beratung und Unterst\u00fctzung bei:<\/strong><\/p>\n<ul>\n<li><strong>Unternehmensstrategien<\/strong><\/li>\n<li><strong>Innovationsprojekten<\/strong><\/li>\n<li><strong>Netzwerkmanagement<\/strong><\/li>\n<li><strong>Marktpositionierung<\/strong><\/li>\n<li><strong>Restrukturierungen<\/strong><\/li>\n<li><strong>Nachhaltigkeit und Kreislaufwirtschaft<\/strong><\/li>\n<li><strong>Effizienzsteigerung und Ergebnisverbesserungen<\/strong><\/li>\n<li><strong>und die daraus resultierenden Weiterbildungsmassnahmen in F\u00fchrung und Vertrieb.<\/strong><\/li>\n<\/ul>\n<p><strong>In den letzten Jahren wurden zahlreiche Innovationen gemeinsam mit Kunden und Partnern entwickelt, welche zu neuen nachhaltigen Produkten gef\u00fchrt haben.<\/strong><br \/>\n<strong>Nebst ihrer breiten Expertise bringt Todofis ihren Kunden den Zugang zu einem internationalen Kompetenznetzwerk.<\/strong>[\/vc_column_text][\/vc_column_inner][\/vc_row_inner][vc_separator color=&#8220;custom&#8220; accent_color=&#8220;#ffffff&#8220; css=&#8220;.vc_custom_1490177075318{margin-top: 25px !important;margin-bottom: 50px !important;}&#8220;][vc_row_inner][vc_column_inner width=&#8220;1\/2&#8243;][vc_single_image image=&#8220;1795&#8243; img_size=&#8220;405&#215;405&#8243; style=&#8220;vc_box_shadow_3d&#8220; css_animation=&#8220;fadeInLeft&#8220; css=&#8220;.vc_custom_1490183148443{border-radius: 2px !important;}&#8220;]<a class=\"krth-btn btn-secondary  btn-medium krth-btn-69e593096d878 btn-hover-one btn-icon-left rounded-three \" href=\"\/?page_id=1830\"><i class=\"fa fa-arrow-circle-right\"><\/i><span class=\"btn-text\">Management- &amp; Pers\u00f6nlichkeitscoaching<\/span><\/a>[\/vc_column_inner][vc_column_inner width=&#8220;1\/2&#8243; css=&#8220;.vc_custom_1490178026637{padding-right: 50px !important;padding-left: 50px !important;background-color: rgba(255,255,255,0.75) !important;*background-color: rgb(255,255,255) !important;}&#8220;][vc_column_text css_animation=&#8220;fadeInRight&#8220;]<strong>Begleitung in:<\/strong><\/p>\n<ul>\n<li><strong>Komplexer Projektf\u00fchrung<\/strong><\/li>\n<li><strong>Ver\u00e4nderungsprozessen<\/strong><\/li>\n<li><strong>Trainingsmassnahmen<\/strong><\/li>\n<\/ul>\n<p><b>Individuelles Management- und Pers\u00f6nlichkeitscoaching<\/b>[\/vc_column_text][\/vc_column_inner][\/vc_row_inner][\/vc_column][\/vc_row][vc_row full_width=&#8220;stretch_row&#8220; content_placement=&#8220;middle&#8220; overlay_dotted=&#8220;&#8220; css=&#8220;.vc_custom_1490733701932{margin-top: 0px !important;margin-bottom: 0px !important;padding-top: 0px !important;padding-bottom: 0px !important;background-color: #81d742 !important;}&#8220;][vc_column css=&#8220;.vc_custom_1490120016515{margin-top: 10px !important;margin-bottom: 10px !important;padding-top: 0px !important;padding-bottom: 0px !important;}&#8220;]<div class=\"krth-cta krth-cta-one cta-cnt-left \"><div class=\"krth-cta-cnt \" ><p><span style=\"font-weight: bold; color: #ffff99;\">+41 79 322 5440<\/span><span style=\"color: #ffffff; font-weight: bold;\"> <span style=\"padding-left: 15px; font-weight: normal;\">Oder kontaktieren Sie uns online \u00fcber das Formular.<\/span><\/span><\/p>\n<\/div><a class=\"krth-btn btn-secondary  vc_custom_1490979979996 btn-medium krth-btn-69e593096d8c8 btn-hover-one btn-icon-left rounded-three \" href=\"\/?page_id=625\"><span class=\"btn-text\">Zum Kontaktformular<\/span><\/a><\/div>[\/vc_column][\/vc_row]<\/p>\n<\/div>","protected":false},"excerpt":{"rendered":"[vc_row full_width=&#8220;stretch_row&#8220; overlay_dotted=&#8220;true&#8220; overlay_color=&#8220;rgba(255,255,255,0.5)&#8220; css=&#8220;.vc_custom_1490979243801{background-image: url(http:\/\/todofis.com\/wp-content\/uploads\/2017\/03\/03_BgStock_1366x768px.jpg?id=1938) !important;background-position: center !important;background-repeat: no-repeat !important;background-size: cover !important;}&#8220;][vc_column css=&#8220;.vc_custom_1490176868896{padding-top: 50px !important;padding-right: 100px !important;padding-bottom: 50px !important;padding-left: 50px !important;}&#8220;][vc_row_inner][vc_column_inner width=&#8220;1\/2&#8243;][vc_single_image image=&#8220;1800&#8243; img_size=&#8220;405&#215;405&#8243; style=&#8220;vc_box_shadow_3d&#8220; css_animation=&#8220;none&#8220; css=&#8220;.vc_custom_1490183141894{border-radius: 2px !important;}&#8220;][\/vc_column_inner][vc_column_inner width=&#8220;1\/2&#8243; css=&#8220;.vc_custom_1490178018401{padding-right: 50px !important;padding-left: 50px !important;background-color: rgba(255,255,255,0.75) !important;*background-color: rgb(255,255,255) !important;}&#8220;][vc_column_text css_animation=&#8220;fadeInRight&#8220;]Die Firma Todofis verf\u00fcgt \u00fcber langj\u00e4hrige internationale industrielle Erfahrung und Anwendungskompetenz im Kunststoff und Logistik[&#8230;]","protected":false},"author":2,"featured_media":0,"parent":0,"menu_order":7,"comment_status":"closed","ping_status":"closed","template":"","meta":{"footnotes":""},"class_list":["post-1792","page","type-page","status-publish","hentry"],"_links":{"self":[{"href":"https:\/\/todofis.com\/index.php?rest_route=\/wp\/v2\/pages\/1792","targetHints":{"allow":["GET"]}}],"collection":[{"href":"https:\/\/todofis.com\/index.php?rest_route=\/wp\/v2\/pages"}],"about":[{"href":"https:\/\/todofis.com\/index.php?rest_route=\/wp\/v2\/types\/page"}],"author":[{"embeddable":true,"href":"https:\/\/todofis.com\/index.php?rest_route=\/wp\/v2\/users\/2"}],"replies":[{"embeddable":true,"href":"https:\/\/todofis.com\/index.php?rest_route=%2Fwp%2Fv2%2Fcomments&post=1792"}],"version-history":[{"count":27,"href":"https:\/\/todofis.com\/index.php?rest_route=\/wp\/v2\/pages\/1792\/revisions"}],"predecessor-version":[{"id":184250,"href":"https:\/\/todofis.com\/index.php?rest_route=\/wp\/v2\/pages\/1792\/revisions\/184250"}],"wp:attachment":[{"href":"https:\/\/todofis.com\/index.php?rest_route=%2Fwp%2Fv2%2Fmedia&parent=1792"}],"curies":[{"name":"wp","href":"https:\/\/api.w.org\/{rel}","templated":true}]}}